2
Let y(p) = p**2 - p + 1. Let t = -3 + 6. What are the prime factors of y(t)?
7
Suppose -8*b = 55 - 1207. List the prime factors of b.
2, 3
Let u = -3 - -5. Suppose -u*q + 31 = -5*f, -q + f + 0*f = -11. What are the prime factors of q?
2
Suppose 3*n = u + 62, 3*u = -4*n + 7*u + 88. Let v be 8/n - 18/(-5). Suppose -4*y + x + 40 = -v*x, -5*x + 40 = 4*y. List the prime factors of y.
2, 5
Let u(v) = -5*v**3 + 14*v**2 + 6*v + 7. Let z(d) = 4*d**3 - 13*d**2 - 5*d - 7. Let p(b) = -5*u(b) - 6*z(b). List the prime factors of p(-8).
7
Let x(q) = -q + 7. Let u be x(-6). Suppose -5*h + g = -31, -u = -6*h + 3*h - 5*g. Let d = h + 2. List the prime factors of d.
2
Let q be (-43)/(-6) - 2/12. Let o(j) = 6*j + 6*j**2 - 4*j**2 + q - 3*j**2. What are the prime factors of o(5)?
2, 3
Suppose 5*j - 25 = 0, -31 = -2*k - j - 4*j. Let w be 9*1*1/k. Suppose 14 = i + w*o, 5*i + 5*o - 28 = 32. What are the prime factors of i?
11
Let s = -2546 + 1662. Let k be s/(-16) + 2/(-8). Suppose -5*j + k + 20 = 0. List the prime factors of j.
3, 5
Let c(q) = -q**2 - 2*q. Let k be c(-1). List the prime factors of 3 - (-3 + -8)*k.
2, 7
Let w(o) = o**2 + 3. Let f be w(-5). Suppose t - 14 - f = 0. Suppose i = 4*i - t. List the prime factors of i.
2, 7
Suppose 0 = 6*u + 19 + 17. Let x(b) be the first derivative of b**4/4 + 7*b**3/3 + 5*b**2/2 + 3*b - 1. List the prime factors of x(u).
3
Let c = 2 + 1. Let l = 1 + c. Suppose l*d - 27 = -3. What are the prime factors of d?
2, 3
Let h = 158 + -97. List the prime factors of h.
61
Let v(x) = x**2 + 11*x + 3. Let i = -8 - 3. Let z be v(i). Suppose 11 = z*a - 4. List the prime factors of a.
5
Suppose -2 = -d, 0 = 3*x + 3*d - 207 - 180. Let k = x + -81. What are the prime factors of k?
2, 23
Let l(g) = g**2 - g - 6. Let m be l(0). List the prime factors of 21 - 1 - (m + 3).
23
List the prime factors of 0/(2 - -1) - -77.
7, 11
Let y(g) = g + 2. Suppose s = -0 + 2. List the prime factors of y(s).
2
Let n = 358 + -209. Suppose -4*g - y = 4*y - n, 0 = 4*g - 2*y - 142. Suppose -4*j = -v, j = 5*v - j - g. What are the prime factors of v?
2
Let c be 4/6*(-9)/(-2). Let z = c + -3. List the prime factors of -9*(1 - (2 - z)).
3
What are the prime factors of 4/(-14) - 786/(-7)?
2, 7
Let c = 15 - -69. What are the prime factors of c?
2, 3, 7
Suppose -s = 3*s + 16, 2*l - 98 = -2*s. List the prime factors of l.
53
Let o = -28 - -40. Suppose -o = x + 3*x. Let t(u) = -u**3 - u**2 + 5*u + 2. List the prime factors of t(x).
5
Suppose 4*q - 3*q + 5 = 0, 0 = 4*c + q - 35. What are the prime factors of c?
2, 5
Suppose -16 = -4*l + f - 5*f, 2*l - 2 = 4*f. List the prime factors of l.
3
Let f(p) = -p**3 - 3*p**2 - 2*p + 2. Let w be f(-2). Suppose 0 = 5*v - 2*b - 1, 5*b = w*v - 0*v - 13. What are the prime factors of (v - -5)*15/3?
2, 5
Let d be (-2)/6 - 39/(-9). List the prime factors of 1*(-2 + d) - -6.
2
Suppose -m = -0*m - u - 2, 2*u + 13 = -m. Let y be 3/m + 1 - -12. Suppose -c + y = c. What are the prime factors of c?
2, 3
Suppose 29 + 128 = i. List the prime factors of i.
157
Suppose 0 = 4*f - 553 + 69. Let n = 70 - f. What are the prime factors of 1/(-5) - n/5?
2, 5
Let z(y) = 2*y**2 + 2*y. Let a(g) = g**3 - 10*g**2 + 8*g + 7. Let r be a(9). Let c(k) = -k. Let s be c(r). What are the prime factors of z(s)?
2, 3
Suppose 3*c = 7*c - 24. Let i be (-4)/(-6)*9/c. List the prime factors of i/(-1)*(-28)/4.
7
Suppose 0*a - 2*a = -26. What are the prime factors of a?
13
Suppose 8 + 12 = 2*p. What are the prime factors of (2 - p/6)*24?
2
Suppose 0 = -5*g + 5, -b - 4*b + 3*g = 33. Let l = 28 - b. What are the prime factors of l?
2, 17
Let y(n) = 5*n + 30. List the prime factors of y(6).
2, 3, 5
Let t = 17 - 15. Suppose f - 185 = -4*f + t*r, 5*r = -5*f + 220. List the prime factors of f.
3, 13
Suppose -5*z + 275 = s - 80, 4*z + 3*s = 284. Let k = z + -44. List the prime factors of k.
3
Let p(y) = 24*y**3 + 2*y**2 - y. Let f be p(1). Let o = f - 18. Suppose 0 + o = c. What are the prime factors of c?
7
Suppose 5*i = 2*z - 13, 9 + 0 = -4*i + 3*z. Let r(c) = -c**3 - 2*c**2 - 4. List the prime factors of r(i).
5
Suppose -205 = -4*p - p. Let l = p + -13. What are the prime factors of l?
2, 7
Let r(p) = p**3 + 5*p**2 + 5*p + 6. Let b be r(-4). Suppose 4*w + 5*x - 42 = 0, -18 = -3*w + b*w - 5*x. What are the prime factors of w?
2
Suppose -612 = -4*v - 176. List the prime factors of v.
109
Suppose o = 5*o - 48. Suppose 5*i = 2*q - 3*q + 9, 5*q - 25 = -5*i. Suppose -q*v = -v - o. List the prime factors of v.
2
List the prime factors of (4/(-12))/(4/66)*-22.
11
Let w(d) = -d + 1. Let c be w(6). Let s(o) = o + 3. Let f be s(c). Let l = f + 8. List the prime factors of l.
2, 3
Suppose -2*j - 18 = 14. Let p = 64 - 38. Let d = p + j. List the prime factors of d.
2, 5
Let c(n) = n**2 - 3*n. Let t be c(3). Suppose -3*g - g + 208 = t. List the prime factors of g.
2, 13
Let u be (2/(-4))/(6/(-12)). Let j(n) = 13*n**2 - n. What are the prime factors of j(u)?
2, 3
Let h(w) = 2*w + 8. Let j be h(-6). Let s = -5 - j. List the prime factors of (2/2)/(s/(-5)).
5
Let b = 254 - 167. List the prime factors of b.
3, 29
Let d(z) = -z**2 - 11*z + 3. Let a be d(-5). Let r = 15 - a. List the prime factors of (6/9)/((-2)/r).
2, 3
Suppose 2*o - 4*o = 0. Suppose 2*r - 3*r = 4*h - 83, o = 4*h - 5*r - 65. Suppose -3*f + h + 31 = 3*y, -10 = 5*f. List the prime factors of y.
19
Let w be (2 + 0)/(2/5). Suppose 0 = -w*p + 2*p + 57. List the prime factors of p.
19
Suppose 2*x + 5*j - 29 = 0, 4*x - 60 = 5*j + 13. List the prime factors of x.
17
List the prime factors of 96/4*1 - -1.
5
Suppose -4*m + m = -33. Let a = m + -4. What are the prime factors of a?
7
Let j = -125 - -201. List the prime factors of j.
2, 19
Let b(m) = m**2 - 3. Let d be 26/(-7) + 10/(-35). What are the prime factors of b(d)?
13
Suppose -2*d - 6 = i - 22, 0 = 2*i - 4*d + 8. Suppose i = 4*y - 2*y. What are the prime factors of y?
3
Suppose 0 = -d + 9 + 23. Suppose -d = -4*v + 16. What are the prime factors of v?
2, 3
Suppose 2*f + 23 = 57. Suppose 3*o + f = 4*o. What are the prime factors of o?
17
Suppose 9*w - 4*w = 265. What are the prime factors of w?
53
Let v(b) = -30*b**3 + b**2 + b. What are the prime factors of v(-1)?
2, 3, 5
List the prime factors of (1 - -1) + 49 + 3.
2, 3
Let f be (-2 - 0)/((-2)/3). Suppose -24 = -4*j - 3*x, -f*j - 2*x = 2*x - 11. What are the prime factors of j?
3
What are the prime factors of (3 - -71)*(-2)/(-4)?
37
Let l be 9 - -2*(-1)/(-1). Suppose -3*c - l - 16 = 0. What are the prime factors of (-12)/c - 4/(-6)?
2
Let m = -30 - -56. What are the prime factors of m?
2, 13
Let v = -50 - -92. Let i be ((-10)/(-15))/(4/v). Let k = 0 + i. List the prime factors of k.
7
Let z be (5 - 1 - 2) + 0. List the prime factors of ((-18)/z)/3 + 35.
2
Let j = 45 + -3. Let a = j + -30. What are the prime factors of 30/(-4)*a/(-9)?
2, 5
Suppose a + 0 - 6 = 0. Suppose -2*f = f - a. Suppose 5*p + 19 = -2*n, -2 - 5 = n + f*p. List the prime factors of n.
3
Let t be ((-10)/(-15))/((-2)/(-309)). Let u = t - 68. List the prime factors of u.
5, 7
Suppose 2*i + 2*s - 82 = 0, 37 = i - 3*s + 8*s. Suppose -2*l + 3*l = i. What are the prime factors of l?
2, 3, 7
Let i(p) = -p**2 + 9*p - 5. Let b be i(9). What are the prime factors of (-5)/(-25) + (-39)/b?
2
Suppose 0*u + 112 = 4*u. Suppose 4*o + 2*p - u = 0, 3*p - 16 + 4 = -o. List the prime factors of o.
2, 3
Let z(y) = -y + y + 6*y + 7 + y**2. Let j be z(-6). Suppose j - 22 = -3*q. What are the prime factors of q?
5
Let b = 178 + -56. List the prime factors of b.
2, 61
Let v(p) = -p**2 - p - 8. Let b be v(0). Let i(m) = -5*m - 8. What are the prime factors of i(b)?
2
Let l = 0 - 4. List the prime factors of -1 + (l - -2) + 37.
2, 17
Let l(g) = g**3 + 6*g + 323. What are the prime factors of l(0)?
17, 19
Suppose n - 5*t - 111 = -2*t, 4*n - 4*t = 428. List the prime factors of n.
3, 5, 7
Suppose n - 5*n = 5*w - 2, w + 3*n - 7 = 0. Let m be (-2)/8 + (-9)/(-4). List the prime factors of -2*1/m*w.
2
Suppose -2*h = 2*h + 4*y - 8, 4*y + 4 = 2*h. Suppose h*c = -21 + 59. List the prime factors of c.
19
Suppose -4*r - 2*z - 52 = 0, -r + 3*z + 2*z - 2 = 0. Let q = -7 - r. What are the prime factors of q?
5
Suppose 0 = 3*y - 14 - 16. Suppose 0*k - 28 = 4*k + 2*m, -3*k - 4*m - 26 = 0. Let d = y 